 -3?
20b70bb
In base 15, what is -1b - -135ac7b?
135ac60
In base 3, what is -112110122221 - 122001?
-112111021222
In base 7, what is 1062530 - -651?
1063511
In base 15, what is a - -984252?
98425c
In base 10, what is -8063 - -658?
-7405
In base 3, what is 10221022 + -20012021122?
-20001100100
In base 11, what is 41412 - 186?
41237
In base 10, what is 46921 + 0?
46921
In base 6, what is -2033453 - -2211?
-2031242
In base 14, what is 10d13 + -471?
10882
In base 3, what is 101110011021202002 + 11?
101110011021202020
In base 7, what is -1416502 + -162?
-1416664
In base 4, what is 11302011033 - 21?
11302011012
In base 5, what is -114310022 - 3?
-114310030
In base 10, what is 1 + -162595697?
-162595696
In base 2, what is 10000000000011010100011 + -10000?
10000000000011010010011
In base 14, what is -4 - -762c97?
762c93
In base 10, what is -2427 + 113537?
111110
In base 10, what is -2 + -9337789?
-9337791
In base 6, what is -23212 + -103552?
-131204
In base 16, what is -209b + -468?
-2503
In base 14, what is 3328356 - -5?
332835b
In base 5, what is 1422 - -44142333?
44144310
In base 9, what is 123 - 120486?
-120363
In base 11, what is 2114a - 4584?
17676
In base 5, what is 434202231 - -1?
434202232
In base 11, what is -2 + -922958?
-92295a
In base 14, what is 15c5094 + -1?
15c5093
In base 3, what is -202120121112001 - -2?
-202120121111222
In base 16, what is 9 - ccada?
-ccad1
In base 8, what is 21 + -3620146?
-3620125
In base 6, what is -1011120 + 1455?
-1005221
In base 13, what is -44a198 - c?
-44a1a7
In base 6, what is -21250530 + -213?
-21251143
In base 13, what is 1b0 + 61100?
612b0
In base 9, what is 7 + -575680?
-575672
In base 7, what is 45330202 - 461?
45326411
In base 11, what is 839 + 18769?
194a7
In base 12, what is -a95 + -727b?
-8154
In base 9, what is 12047675 - -2?
12047677
In base 3, what is -12222001102 + -111002211?
-20110011020
In base 16, what is 94 + 37da42?
37dad6
In base 13, what is 1c1 + -a415b3?
-a413c2
In base 2, what is 1101110010001000011 - -1100?
1101110010001001111
In base 11, what is -10 - -102a579?
102a569
In base 3, what is 10211201212210010002 + 2?
10211201212210010011
In base 2, what is 1001111110100 - 10010110000?
111101000100
In base 8, what is -111555147 - -13?
-111555134
In base 11, what is -60 - -156a65?
156a05
In base 13, what is 263 + -3857?
-35c4
In base 2, what is -11110011 - 1100011000110010?
-1100011100100101
In base 14, what is 1ad + c78c?
c95b
In base 13, what is 1 + -106a80c8?
-106a80c7
In base 9, what is -2 - 778746527?
-778746530
In base 3, what is -1112211220020 - 11022?
-1112212001112
In base 6, what is -3 - -12225511242?
12225511235
In base 2, what is -10000001 + -10001101111110000?
-10001110001110001
In base 13, what is 11 + -1823b7a?
-1823b69
In base 2, what is 10100000100000 + -101000010?
10011011011110
In base 6, what is -224 - -431202004?
431201340
In base 6, what is -1404250 + -12555?
-1421245
In base 4, what is -33221013020020 - -11?
-33221013020003
In base 6, what is -13211032213 + -10?
-13211032223
In base 4, what is -31 - 1010221123?
-1010221220
In base 3, what is 111 + -1022212212001?
-1022212211120
In base 14, what is -19cb426 - 3?
-19cb429
In base 11, what is 294a9 + -2a?
2947a
In base 8, what is 4655277075 - 4?
4655277071
In base 3, what is 220011111 + -1021121?
211212220
In base 12, what is 8 + 6041067?
6041073
In base 16, what is -f43a + 118?
-f322
In base 5, what is 2340001 - 1442?
2333004
In base 10, what is 72 - 812?
-740
In base 15, what is -10 - -238881?
238871
In base 7, what is 1036 - -1154544?
1155613
In base 14, what is 326b + b8c?
4019
In base 7, what is 6234503506 - -3?
6234503512
In base 11, what is 6 + -100a2011a?
-100a20114
In base 2, what is 101010 + -100101010101?
-100100101011
In base 9, what is 14313538 + -48?
14313480
In base 8, what is 2 - 1527761?
-1527757
In base 9, what is 4515 + -3008?
1506
In base 3, what is -12210011022021220 + 12?
-12210011022021201
In base 14, what is 3 + -9ac866?
-9ac863
In base 13, what is -54 - -a6631?
a65aa
In base 3, what is 21 - 211010021?
-211010000
In base 8, what is 7015 + -406641?
-377624
In base 9, what is -661213 - 8?
-661222
In base 2, what is 101 - -1000001010011001101101100?
1000001010011001101110001
In base 15, what is -10 - 5a16a?
-5a17a
In base 11, what is -6 + 440743?
440738
In base 11, what is 10 + 5919a?
591aa
In base 3, what is 202122010 - -221100021?
1200222101
In base 4, what is 13013131111 + 1103?
13013132220
In base 13, what is 144914 - a?
144907
In base 11, what is 139950 - 18?
139933
In base 14, what is -19 - 13cb47?
-13cb62
In base 3, what is -12 - -120000210022002?
120000210021220
In base 2, what is -1 + 101110010000111100110000?
101110010000111100101111
In base 13, what is -380c60 - -10c?
-380b51
In base 5, what is 21312 + -1102?
20210
In base 13, what is -13365ac - 0?
-13365ac
In base 10, what is -3 - -3508603?
3508600
In base 4, what is 21 - 321110331221?
-321110331200
In base 3, what is 11010 - -201000020220?
201000102000
In base 9, what is 745675 - 21?
745654
In base 2, what is -1101011111 + -101000011101111101?
-101000101011011100
In base 13, what is 1ac - -36b94?
37073
In base 10, what is 4 - 175745598?
-175745594
In base 10, what is -246687 + 132?
-246555
In base 14, what is -2354b7 + 2?
-2354b5
In base 13, what is -13b66c + -203?
-13b872
In base 14, what is a0 - -37797?
37857
In base 12, what is -10b6 + -b0b7?
-101b1
In base 15, what is -4e8 - 4401?
-48e9
In base 2, what is 1100001110100101010101010101 + 101?
1100001110100101010101011010
In base 16, what is 6a28b + 123?
6a3ae
In base 10, what is -88774 - 281?
-89055
In base 7, what is -626122 + -533?
-626655
In base 4, what is 32101 - 1102131122?
-1102033021
In base 5, what is 311214121 + 22?
311214143
In base 8, what is -5016526 - -14?
-5016512
In base 9, what is 4 - 131405063?
-131405058
In base 4, what is -2 + -101012223120?
-101012223122
In base 11, what is -926089 - -24?
-926065
In base 16, what is 115a6c4 + 4?
115a6c8
In base 11, what is -1a + 196393?
196374
In base 16, what is -4f - 918ef?
-9193e
In base 5, what is -22 - 103403?
-103430
In base 12, what is 35 - -14a48?
14a81
In base 4, what is -200012112011 + 1?
-200012112010
In base 14, what is -32dac3 + -2?
-32dac5
In base 4, what is -20303020330 + -30?
-20303021020
In base 11, what is 2538 - -16956?
19393
In base 5, what is -134043343 - 24?
-134043422
In base 8, what is -576677 - -4062?
-572615
In base 5, what is -10 - 240443312240?
-240443312300
In base 6, what is -11 - -1222501441?
1222501430
In base 15, what is -1 - 6950031?
-6950032
In base 8, what is -42 + 5155374?
5155332
In base 10, what is 3 + -3332589?
-3332586
In base 15, what is 9bc17 - -4?
9bc1b
In base 11, what is -76381 + 25?
-76357
In base 11, what is -3 - 2146209?
-2146211
In base 13, what is 6 + 15536961?
15536967
In base 15, what is -28 + 6c192e?
6c1906
In base 11, what is 4117633 + 2?
4117635
In base 14, what is -21b + -d44?
-1161
In base 3, what is 1202120021212022121 + 0?
1202120021212022121
In base 9, what is -27 + 1272703?
1272665
In base 9, what is 463534 + 4288?
467833
In base 11, what is 60046 + -319?
5a828
In base 16, what is 105eca8 + -2?
105eca6
In base 7, what is 2241334250 + 13?
2241334263
In base 16, what is a04c7 - 3?
a04c4
In base 9, what is -17 + -2523032?
-2523050
In base 7, what is -3413222031 - -1?
-3413222030
In base 7, what is 3 - 1013351262?
-1013351256
In base 10, what is -33 + 3059160?
3059127
In base 7, what is -323630 + 4132?
-316465
In base 16, what is -7e9 + fbf5?
f40c
In base 4, what is 223112 + 1000213?
1223331
In base 9, what is -15535 - -6360?
-8165
In base 2, what is -1101 - 100100000110011111001111?
-100100000110011111011100
In base 8, what is 41170 + 426?
41616
In base 9, what is 545476 - -74?
545561
In base 5, what is 10 - -12003001430?
12003001440
In base 5, what is 331 + 202214020?
202214401
In base 6, what is 121405 + 33510?
155315
In base 14, what is -dc749 + -b3?
-dc81c
In base 14, what is 67b8 - -977?
7351
In base 6, what is 135543035 - -210?
135543245
In base 15, what is 1650 + 481?
1ad1
In base 6, what is 5224500 - -1045?
5225545
In base 6, what is -1103102545 - 5?
-1103102554
In base 5, what is -121033 + 1020001?
343413
In base 2, what is 11010010 - 1011100111101001?
-1011